+ (2 - (4 + 5 + -5))
5
What is (-12 - -11) + (2 - -2)?
3
What is -1 + 1 - (5 - 7)?
2
13 - ((-5 - -20) + -7)
5
What is the value of (-4 + 12 - 1) + -7?
0
What is 2 - 11 - (71 + -76)?
-4
What is -3 - -6 - (2 + 5)?
-4
6 + (5 - (4 - -8))
-1
What is the value of -2 - (-7 - 0 - -3)?
2
32 + -28 - (5 + 1)
-2
Evaluate 2 + (2 - (1 - 0)).
3
What is 24 + -13 + (2 + -3 - 2)?
8
What is the value of 3 - (-6 - -8) - -3?
4
What is the value of -1 + (9 - 5 - 4 - 2)?
-3
Evaluate 4 + (-4 - 2 - (0 - -1)).
-3
What is the value of 3 + 6 + -12 + 6?
3
What is -6 + -3 + 1 + 25 + -14?
3
Evaluate 4 + -9 - (1 - 2).
-4
What is -4 - 4 - (0 + -4)?
-4
Evaluate 24 - 8 - 15 - (1 + -7).
7
Calculate (4 - (0 + 2)) + 1 + -5.
-2
What is -8 - (5 - (-10 - -23))?
0
Evaluate (1 - 0 - (5 - 6)) + 1.
3
What is (2 - 4) + (-4 - -6) + 0?
0
What is the value of (-1 + 3 - (7 + -13)) + -3?
5
Calculate (-1 - (3 - 6)) + -2.
0
What is the value of 13 + (0 - (8 + -2))?
7
What is the value of -14 - (-11 + (8 - 5))?
-6
Calculate (1 - -12) + (-9 - -1).
5
Evaluate 3 + -1 + 3 - (11 + 0).
-6
What is the value of 2 + 3 + -3 - (-14 + 14)?
2
What is 1 + 4 - ((8 - 3) + -1)?
1
What is -2 + 0 - ((0 - 0) + 2)?
-4
(-3 - -1) + 0 + (-24 - -21)
-5
Evaluate 1 + 1 + -5 + 6 - 4.
-1
Evaluate 2 + -1 + -2 - (-11 + 14).
-4
Calculate (12 - 5 - (2 + 1)) + -8.
-4
Calculate 3 + -8 - 2 - -5.
-2
What is the value of (-2 + -5 - -1 - 0) + 14?
8
What is the value of 9 - (-4 - -7) - 2?
4
What is the value of 2 + -7 + 4 - -1?
0
Evaluate 14 - (21 + -9) - (-7 - 2).
11
What is the value of (6 - 4 - 10) + 9?
1
Calculate -16 - (12 + -8 - 16).
-4
What is the value of (1 - -4) + (3 - (4 + -1))?
5
What is the value of 8 - (9 + (6 - (11 - 4)))?
0
3 - 1 - 6 - (1 - -1)
-6
What is the value of 9 + -11 - -8 - 4?
2
What is the value of (-5 - -2) + -1 - (-3 - -2)?
-3
What is the value of 11 + (1 - 8) + -7?
-3
Calculate -4 + (-1 + 4 - -2).
1
What is the value of 4 - 2 - (4 + (-3 - -2))?
-1
What is the value of -5 + 3 - ((-2 - -2) + -3)?
1
What is the value of -4 - (-4 - (-5 - -3))?
-2
Calculate -1 - ((-10 - -4) + 1).
4
What is -1 + 15 - 3 - (3 - -2)?
6
Evaluate -3 - ((0 - -2 - 0) + -1).
-4
What is the value of 1 + (-6 - (0 + -3))?
-2
What is the value of -5 + 4 + 0 + 3?
2
Evaluate (0 - 3) + (1 - (-3 - -1)).
0
Evaluate -3 + (-3 - (0 - (4 - 1))).
-3
Calculate -3 - (-5 + 5 + -8).
5
What is 3 + 2 - (15 + -1)?
-9
What is (2 - (-1 + 0)) + (8 - 14)?
-3
What is -4 - -3 - (2 - 1)?
-2
Evaluate -2 + (-6 - (2 + -5)).
-5
What is -1 - (-1 - -3 - 4)?
1
Evaluate -3 - 0 - -2 - -3.
2
What is the value of 1 + 0 + (-1 - 0) - -3?
3
What is 1 + -6 + 6 + 3?
4
1 - 2 - (-9 + 6) - 6
-4
Calculate (-10 - -17) + (-5 - 1).
1
Calculate -228 + 220 - (0 - 1 - 5).
-2
What is the value of -9 + -7 + 8 + 9?
1
What is (2 - -1) + -8 - -5?
0
((4 - -2) + -8 - -2) + -3
-3
What is 2 + -1 + -4 + 1?
-2
What is the value of -2 + (5 - 2) - (0 + -4)?
5
What is the value of -1 - (2 + -2) - 2?
-3
What is -2 + (-30 - -28 - (0 + -4))?
0
What is the value of 0 - 7 - (0 + -3)?
-4
Evaluate -101 + 91 - (-12 + 2).
0
What is the value of 4 + (-14 - -3) + 0 - -5?
-2
What is 2 + 6 + -8 + -3?
-3
What is -4 + 2 - (-8 - -8)?
-2
Evaluate 8 + (-4 - -2) - 8.
-2
What is the value of -1 + 2 - (-1 - 0) - 1?
1
What is the value of -27 + 23 + (-1 + 2 - -4)?
1
What is the value of -1 - (4 + -5 - 3 - -9)?
-6
What is -8 - (-6 + 0 - -4) - -2?
-4
What is 0 + 2 + (-8 - -1)?
-5
1 + 5 + -9 - -4
1
What is -5 + 1 + (9 - 6)?
-1
What is -1 + -8 - (-1 + (-9 - -4))?
-3
Calculate (-3 - -1) + 12 - (115 - 114).
9
Evaluate -2 + (-1 - -1) - -3 - -2.
3
What is (-136 - -149) + (-8 - 1)?
4
What is the value of (-5 - (-11 - -1)) + -6?
-1
What is the value of -6 + (7 - 2 - 8 - -3)?
-6
What is -2 - -1 - (27 - 30)?
2
What is 3 + (0 - (11 - 3)) + 5?
0
What is the value of -1 - (3 + -9 - -7)?
-2
What is 13 + 0 + -5 - 5?
3
Evaluate -3 - 1 - (10 + -9 + -3).
-2
Evaluate 3 + (-10 + 5 - -1) + -4.
-5
What is the value of 6 + (-5 - -7 - 7)?
1
Calculate (-3 - 1 - -3) + -2.
-3
(1 - (-1 - 0 - -3)) + -4
-5
-10 - (5 - (10 - 0))
-5
Calculate -1 + (-3 - (-4 - 2)).
2
9 - (-1 + 6 + (3 - 5))
6
What is (-7 - (1 - 7)) + 0?
-1
Evaluate 0 + -4 + 2 + (0 - -1).
-1
What is the value of (-7 - -2) + 1 + 5?
1
(1 - 3) + -3 + 3 + -3
-5
What is 6 + -9 + 0 + 2 + 5?
4
What is the value of -5 - ((-3 - 2) + -5)?
5
Calculate 11 + -8 + -4 + -4.
-5
What is (-6 - (-5 + -1 + -1)) + -10?
-9
What is the value of (5 - (7 - -4)) + 8?
2
2 + (-3 - 0) + -3
-4
-2 - ((2 - 4) + (2 - 3))
1
Evaluate 0 + 15 + -11 + -1 + 0.
3
Calculate 8 + -4 - (12 + -8).
0
Evaluate -7 + 0 + 1 - -6.
0
7 - 8 - (-3 + -1)
3
(6 - 11) + (5 + -1 - 2)
-3
Calculate 10 + -1 + (-4 + 2 - 2).
5
What is the value of 175 - 180 - (-1 + 0 - 1)?
-3
What is the value of -2 + (-6 - (0 - 10))?
2
What is the value of 1 - (-3 + 4) - -3?
3
10 - (6 + -8 + 6)
6
(2 - (-4 + 3 - -3)) + -3
-3
What is the value of (-10 + 5 - 6) + 8?
-3
Evaluate -1 + 4 + 0 + -2 + 3.
4
What is -2 + (-3 - (-7 + 1))?
1
What is 6 - 0 - (15 + -10)?
1
What is -2 - (-50 - -55 - (1 + 0))?
-6
What is -33 - -48 - (2 - -10)?
3
(1 - (-1 + 0)) + -328 + 327
1
What is 14 - 23 - (-1 + -9 + 4)?
-3
What is the value of 3 + (-1 - 12) + -5 + 5?
-10
6 - (-2 - -3) - 1
4
Evaluate -6 + 9 + 0 + (-3 - 2).
-2
What is the value of (0 - (-8 + -2)) + -1?
9
Evaluate -2 + 9 + 6 + -7.
6
Evaluate -10 + 6 - (2 - 6).
0
Calculate (1 - 3) + (-1 - 2) + 5.
0
Evaluate (2 - -1 - 14) + 3 - -2.
-6
Calculate -5 + 4 + -1 - (2 + -3).
-1
What is the value of -1 - 5 - (-12 + 6)?
0
Calculate (0 - (-3 + -1)) + (17 - 20).
1
(5 - (-1 + 1)) + -23 + 14
-4
What is (1 - 5) + (6 - (4 + 1))?
-3
Evaluate 15 + -10 + (-1 - (6 + -3)).
1
What is the value of -6 + 14 + (-7 - (-1 + -3))?
5
What is -7 - (-1 - (5 - 1))?
-2
What is the value of ((-8 - 0) + 2 - -1) + 12?
7
Evaluate -3 + 1 + 7 + 3 + -15.
-7
What is -10 - (-10 - -4) - -4?
0
Calculate 6 + 0 + 0 + 1 + -3.
4
0 + 1 + (20 - 17)
4
Evaluate (-12 - -9) + (1 + -1 - -1).
-2
-4 - 0 - -7 - (0 + -2)
5
What is 4 - 4 - -3 - 0?
3
Evaluate -2 + 2 + -1 + (7 - 6).
0
What is the value of -7 + 9 + -1 - -3?
4
(-1 - -2) + (-12 - -13) + -6
-4
Evaluate -48 + 58 + 1 + -16.
-5
What is the value of 1 - (-3 - -2 - 0)?
2
0 + (-1 - -1) - (116 - 120)
4
Calculate 1 - (-6 + 0 - (-8 - -8)).
7
What is 1 + -2 + 5 + (-26 - -27)?
5
What is 0 - (-2 + 3 - 2)?
1
What is -38 + 26 + 1 + -1 + 8?
-4
-11 - (-5 + (9 - 13))
-2
What is -2 - 2 - (-9 - (4 + -6))?
3
2 + 1 - (82 + -80)
1
Calculate -3 + -1 + 6 + 3.
5
What is the value of 0 - (-5 + (0 - (0 + -2)))?
3
Calculate 1 - 2 - (-30 - -24).
5
Evaluate -45 + 47 + 0 + 1.
3
What is the value of -5 + (3 - (-4 - -2))?
0
(2 - (-3 + 4)) + -4
-3
What is the value of (-1 - 1) + (-35 - -42)?
5
Evaluate 0 + (-6 - (-9 + -1 + 7)).
-3
What is the value of 0 - -3 - (-4 - -2)?
5
(1 + -7 - -4) + 7
5
Evaluate -9 + 16 - 17 - -5.
-5
What is the value of -3 + (9 - (4 + (5 - 4)))?
1
What is the value of 2 + 6 + 16 + -20?
4
What is -6 - (0 + 5 + -15)?
4
What is the value of 2 - (-5 + (2 - -3))?
2
What is the value of 5 - (-12 + 6 - (-1 - 3))?
7
Evaluate 3 - ((1 - 2) + 1).
3
Evaluate 0 + (4 - (10 - (-4 + 7))).
-3
Calculate 0 - -6 - (-4 - -6) - 9.
-5
What is 1 - (1 - (4 + 1 - 4))?
1
Evaluate 4 + 1 + 0 - (7 + -2).
0
What is the value of 8 + (-3 - -10 - 13)?
2
(4 - 4) + 1 - 2
-1
Evaluate (-8 - -11) + 4 + -5.
2
Calculate 3 + -3 + -1 + 4 + -5.
-2
Evaluate 1 + 2 + -8 - -2.
-3
-6 - (-3 + -9 + (-1 - -4))
3
What is -9 + 12 + 0 + 4 + 2?
9
What is the value of 4 - (-5 + 1 - -6 - 1)?
3
What is 4 - (-4 + (1 - 4 - -15))?
-4
What is 2 - ((7 - 1) + -11) - 2?
5
What is 8 + -1 + 8 + (9 - 16)?
8
What is -28 - -23 - (-2 + 1 + -3)?
-1
Calculate 7 + -1 + (-1 - -2) - 4.
3
What is 7 + (0 - ((1 - 4) + 8))?
2
What is the value of 2 + -3 + 7 + -1?
5
What is 5 + (-5 - -3) + -6?
-3
Evaluate (1 - 0) + (4 - (8 + -9)).
6
-5 + (1 - 0 - (10 - 9))
-5
Calculate (-4 - 4) + 5 + -4 - -3.
-4
What is the value of -8 - (7 + -2 - 11)?
-2
Evaluate 4 + -3 + -4 - -1.
-2
What is 2 + (-14 - -13 - (2 + -10))?
9
3 + -6 + -3 + 5
-1
What is (5 + -4 - 6) + -5 + 6?
-4
What is the value of 0 + (-66 + 80 - (1 + 6))?
7
Evaluate 0 + 6 - (-3 + 6) - 8.
-5
Evaluate -2 + -1 + 1 + 2.
0
Evaluate -11 - (-22 + 2 + 7).
2
Calculate 6 + 2 - (11 - (-18 + 29)).
8
Evaluate -5 + 0 + (17 - 17) + -3.
-8
Calculate -6 + 4 + 7 + -1.
4
Calculate (0 - 1) + -3 +